121 + 41 - 116) + 56
-140
-94 + 119 - (2 + -17 - -3 - (-6 + 3))
34
Evaluate -95 - -103 - (8 - -2) - (-58 - 3).
59
Calculate 1 + -8 + -149 + 86 + 66.
-4
What is the value of 11 - (-20 + 15 + -6 + -31)?
53
What is 3 + 61 + -18 + 18 + -15 + 26 + -14?
61
Calculate 6 - (1 - -1) - -30 - (-6 - -5).
35
Evaluate 143 + (2013 - 2001 - (49 - 1)).
107
What is the value of (19 - 80) + -2 + 1 + -15 + 8?
-69
What is -19 + 127 - (-1 + 0 - (14 - 11)) - 5?
107
1181 + -1172 - (5 - (2 - 1)) - (1 - -50)
-46
Calculate 24 - (-10 - (-26 + 16)) - (9 - 0).
15
Calculate (-4 - 0) + -2904 + 2890 + -2 + -30.
-50
60 + -50 + -31 + 0 + 10 - (-2 - 26)
17
What is the value of (-233 - -253) + -95 + -10 + -3?
-88
What is 0 + -70 + (5 - ((1 - -18 - 16) + 6))?
-74
Calculate 109 + (-111 - -13) + 91.
102
What is -34 - (24 + -51) - 31?
-38
-1 + -1 + (3 - 0) - (-29 + 22)
8
What is the value of -19 - ((-22 - -43) + -13 - -55)?
-82
Calculate (2 - -29) + 10 + -12 - (51 - 87 - -41).
24
Evaluate 28 - (0 + -8 - (-228 + 212)).
20
What is the value of (3 - (4 - 7)) + (-91 - -106) + -14 + 2?
9
-13 + (10 - (33 + -44)) + -22 + 6
-8
Evaluate 16 + 1 + -2 + -24 + 39.
30
Calculate -3 - (-21 + 3 - (23 + (-5 - 10))).
23
What is the value of 14 - 0 - (7 + (7 - -3 - 7) - 0)?
4
Evaluate -101 + -22 + (41 - 24) + -18 + (-2 - -4).
-122
Evaluate -42 + (14 - (-22 - -15)) + -16.
-37
Calculate -1 + 35 - (74 - (41 - -47)).
48
What is the value of 4 + -77 + 14 + 18 + -51 + 4?
-88
Evaluate (-19 - (-27 + -76)) + -105.
-21
What is (-5 - (-8 - 6)) + 74 + -72?
11
What is the value of -216 + 427 + -186 - (76 + -2)?
-49
What is (-86 - -97 - -10) + (-33 - -1) - (0 + 114)?
-125
Evaluate -9 + (-44 + 49 - 21) - -19.
-6
What is -4 + 20 + 13 + -6 + (-432 - -289)?
-120
What is the value of -15 + 0 + (-3 + -7 + 39 - 14)?
0
Evaluate -1 + 0 + 0 + (291 - (634 + -354)).
10
(96 - 107) + -13 + 3 - -31 - -42
52
What is the value of 17 + (9 - 22) + 11 - (-46 + 17)?
44
Calculate (-6 - (-34 + 18) - -36) + 1 + 1.
48
Evaluate -3 + (4 - (-9 - (14 + -21))) + -62.
-59
What is the value of 79 + -116 - -83 - 109?
-63
-22 - (2 - (95 + -25 + -10))
36
Evaluate -10 + (22 - (125 - (4 + 26))).
-83
(108 - -6) + (-10 - (-3 - (4 + 20 + -15)))
116
Evaluate (44 + 1 - (1 - -13)) + -26.
5
Evaluate 52 - (-18 - (-23 + 28 - (-6 + -7 + 24))).
64
What is 2 + 10 - ((63 - 18) + -75)?
42
Evaluate (14 - 10 - (-4 - -3)) + (5 - 3) + 89.
96
(16 - 9 - 31) + 32
8
Evaluate 465 + -487 + -2 + 43 - (-1 - -84).
-64
What is the value of -90 + (-19 - 2 - (339 - 369))?
-81
What is the value of 84 + (-30 - 5) + -110?
-61
Calculate 40 - -33 - (65 + -16).
24
Evaluate 11 - (-16 + 23 - (-99 - -7) - (-37 + 31)).
-94
Calculate (-40 - -7 - 7) + (26 - (-5 + 31)).
-40
Evaluate 1 + -8 + -2 + 44 + -14 + (-27 - -25).
19
What is (145 - 127) + 24 + -29?
13
What is (10 - (8 + (-2 - (11 + -3)))) + 1?
13
What is 102 + (-110 - 105) - -117?
4
Evaluate -54 - -37 - -4 - -52.
39
-12 - (-13 - 1) - 15 - -21
8
What is (4 + (0 - -2) - 27) + (-7 - (11 - 32))?
-7
-50 + -38 + 138 + 30
80
-9 - (-22 + -9) - (2 + (2 - -13))
5
What is the value of -46 - -5 - (370 - 403)?
-8
What is 180 - 2 - (2675 + -2592)?
95
What is the value of 49 + (-74 - (-20 - 4))?
-1
Evaluate -36 - ((13 - (32 - 22)) + -16).
-23
Calculate -4 - (12 + -8) - (529 + -475).
-62
(6 - 48) + -2 + 5 - (99 - 96)
-42
What is the value of -20 + 11 - (98 - (0 + (3 - 3) + -8))?
-115
(-206 - -259) + -68 + 2
-13
(0 - 19 - -22) + -4 + 7 + -22 + -1
-17
Calculate 97 + (-15 + (6 - -11) - -13) + (-1 - -10).
121
What is the value of (-44 - ((-13 - -14) + 3 - -3)) + 8?
-43
Calculate 36 + -35 + 3 - (0 + -2 + -2).
8
Evaluate 223 - (-97 - -202) - 50.
68
What is the value of (8 - 2) + (2 - (-33 + 16) - -7)?
32
What is the value of (-25 - (8 + (5 - 19)) - -1) + 108?
90
-90 + 27 + -17 + 156
76
Evaluate (-7 - -70 - 23) + 8.
48
Evaluate (-133 - -25 - 20) + 119.
-9
Evaluate -13 + -11 + 35 - (50 - (10 - 30)).
-59
What is 50 - ((19 - (17 - 10)) + -33)?
71
What is the value of 112 + -95 + -2 + (10 - 0)?
25
Evaluate (-76 + -13 - 14) + -37 + 43.
-97
98 + 40 + 113 + -205
46
What is the value of -61 + 24 - -21 - -16?
0
Calculate -8 + 35 - (-279 - -243).
63
-14 + (15 - 13 - -10 - 23 - -74) - -12
61
What is the value of 19 - 9 - (137 + -64)?
-63
What is the value of -1 - (26 + -4) - (-18 + 16) - (9 - 2)?
-28
What is the value of 86 - (5 + -13 + -1 - (-20 + 22))?
97
Calculate (2 + 0 - -2) + (107 + -164 - -15).
-38
What is the value of (-10 - -6) + 11 + -1 + -1 + -32?
-27
What is -1 + 14 - (129 + (-432 - -320))?
-4
16 + -37 - -35 - (-50 + 17)
47
(-3 - (-13 + 3)) + (-962 + 915 - (22 - 0))
-62
Evaluate 9 + 20 + -31 + 31 + -18.
11
Calculate -13 + (-7 - -22) + -32.
-30
Evaluate (-3 + 8 + -10 - (7 - 8)) + 69.
65
What is 131 - ((8 - (32 - 11 - 1)) + 27)?
116
Calculate 0 + (10 + (2 - -19) - -16).
47
What is the value of 106 + (52 - 139) - (0 + 64)?
-45
What is the value of 19 + 53 - (103 + -87)?
56
What is (1046 - 964) + -9 + 28?
101
What is (3 - 10 - -3 - (23 + -48) - 8) + -8?
5
Calculate 19 - (1 - -61 - (-101 - -144)).
0
What is (0 - (6 - 9)) + (22 - (15 + 7))?
3
What is the value of (447 - 152) + -309 - ((60 - 2) + 0)?
-72
What is (8 - -4) + (-170 - -154)?
-4
(24 - (22 - 28) - 9) + -22
-1
Calculate -216 + 245 - (3 + -5 + -7).
38
(-1 + -202 + 19 - -37) + 37
-110
0 + -3 + 4 + 37 + -11 + -9
18
What is -108 + 204 + -87 + (-1 - -2 - 3) + 35?
42
Calculate 35 + -55 + -9 + 36 + 25.
32
Calculate (-4 - (-62 - -4)) + (-38 - (29 - 57)).
44
(-4 + (-2 - 0) - -6) + (-59 + 35 - 22)
-46
Evaluate (58 + 36 - (9 - 7)) + 34.
126
87 + (1 - (38 + 21))
29
Evaluate (-2 - -6) + -6 + (-8 - 0 - -5) + -3.
-8
Calculate 2 + -4 + (12 - (-4 - 35)).
49
(-10 - (38 + -15)) + 36
3
What is the value of -125 - -41 - ((58 - 56) + 1 + -17)?
-70
Evaluate 14 - ((-5 - (1 - 2)) + (-55 - -65) + 65).
-57
What is -9 - (-9 + -10 + 9 - (-2 - 14))?
-15
What is the value of -33 - (54 - (65 - -32))?
10
What is the value of (-2 - -4 - -4) + 42 + (79 - -65) + -78?
114
Calculate -60 + (-10 + 4 + -2 - -36).
-32
What is the value of 16 + 19 + -30 + (7 - 7)?
5
61 + -18 + (-13 + -1 - -19)
48
What is the value of 8772 - 8906 - (2 + -212)?
76
What is the value of -43 - (-10 - 41) - 3?
5
What is the value of 32 + (0 - (3 - (12 - (-4 - -20))))?
25
Calculate -4 - -25 - (31 + -14 + -6 + -22).
32
What is the value of 1 - (12 + -7 - 7) - 13?
-10
Evaluate 4 + 1 + (189 - 185) + 11 + -7.
13
7 - ((-173 - -91) + 36)
53
Evaluate -475 + 340 + (-6 - -82).
-59
38 + (11 + -6 + 6 - (8 + -9))
50
What is the value of (3 - -1 - 1) + -20 - (-50 - -4)?
29
-55 + 127 + -50 + 1 + 6 + 77
106
What is the value of 4 + (-3 + 13 - -1) - -6?
21
Calculate -93 - -60 - -45 - -39.
51
What is (19 - -1 - -34) + (-3 - (4 + (-4 - -5)))?
46
What is -4 + -2 + (-2 + 4 + 1 - (30 - 78))?
45
What is (-2 - -33) + -2 - (-263 - -279)?
13
23 + (-17 - (-2 + -15)) - 20
3
What is the value of 4 + 4 + -64 + 53 + -32?
-35
Evaluate 13 + (24 - 21) + (-2 - -11) + 13 + -130.
-92
What is the value of 91 + 3 + (43 - 78)?
59
-63 - (26 - (43 + 11))
-35
Evaluate (31 - 2) + -3 - -1 - (-48 - -58).
17
What is the value of 1 + 14 + 20 + (-9 - (-3 + 13)) + -5?
11
What is 456 - 420 - (-2 - -55)?
-17
Evaluate -61 + 46 - (0 - 17) - 27.
-25
What is the value of 407 - 379 - (-7 + -16)?
51
Evaluate -20 + (31 - -4) + 5 + (7 - 4).
23
Calculate 71 + (-55 - 37) - -3.
-18
Calculate 16 + (-2 + 1 - (-1 - -4)) + -1 + 9.
20
What is -3 + -49 + -2 + 61?
7
Evaluate (-216 - -213 - -11) + (1 - (92 + 0)) + -1.
-84
Calculate 12 + (0 - (7 + -17) - 12 - 87).
-77
What is the value of -14 + 20 - 80 - -48?
-26
Evaluate (-41 - (-163 + -16)) + (5 - (19 - -9)).
115
1 + 0 + -1 + 1 + -1357 + 1346
-10
Evaluate -9 + 17 + -14 + (-16 - 56) + 11.
-67
What is the value of -56 + (34 - 29) - -1?
-50
(-1 + -11 - 1) + (73 + 3 - 45)
18
56 - (119 + -23 + -29)
-11
What is the value of (1 - (8 - 6) - (1 - 2)) + (8 - 26)?
-18
Calculate -1 - -39 - (26 + 23 + 7 + -40).
22
Calculate 112 - (95 + -140 + (19 - -1)).
137
What is -2 + 0 - -5 - 1 - (-235 - -279)?
-42
-1747 + 1720 - (-35 - 0)
8
Evaluate 66 + (33 - 70) + (1 - 14).
16
What is the value of 24 - (64 - 58 - (-2 + 15))?
31
What is the value of -9 + -3 + 4 + 13 - (96 + -15 + 6)?
-82
Calculate 85 + -178 + 101 - (-47 + 3 - 2).
54
What is 0 - (-50 - -30) - 36?
-16
Evaluate (1 - (-5 + -2)) + (-25 - -1 - (19 - 